{"id":49,"date":"2015-08-02T16:12:34","date_gmt":"2015-08-02T14:12:34","guid":{"rendered":"http:\/\/gruene-lunge-am-guenthersburgpark.de\/?page_id=49"},"modified":"2021-11-08T11:22:39","modified_gmt":"2021-11-08T09:22:39","slug":"links-infos","status":"publish","type":"page","link":"https:\/\/gruene-lunge-am-guenthersburgpark.de\/?page_id=49","title":{"rendered":"Mitstreiter"},"content":{"rendered":"<p>BUND Frankfurt<br \/><img decoding=\"async\" src=\"https:\/\/gruene-lunge-am-guenthersburgpark.de\/wp-content\/uploads\/2019\/02\/bund-ffm.jpg\" alt=\"Dieses Bild hat ein leeres Alt-Attribut. Der Dateiname ist bund-ffm.jpg\" \/><\/p>\n<p><a class=\"moz-txt-link-freetext\" href=\"http:\/\/www.bund-frankfurt.de\/\" target=\"_blank\" rel=\"noopener noreferrer\">http:\/\/www.bund-frankfurt.de<\/a><\/p>\n<p><strong>Einladung zu dem <\/strong><strong>Vortrag \u201eNaturgarten \u2013 einfach gemacht. Ich mache einfach.\u201c der Naturschutzgruppe Seckbach und <\/strong><strong>zur Preisverleihung im Wettbewerb \u201eNaturgartenpreis\u201c 2021 des Ortsverband Ost des BUND Frankfurt <\/strong><\/p>\n<p>Die Naturschutzgruppe-Seckbach und der BUND Frankfurt laden zu einer gemeinsamen Veranstaltung zum Thema \u201eNaturg\u00e4rten\u201c ein.<\/p>\n<p><strong>Freitag, 26. November 2021, um 19:30 Uhr, Gemeindesaal der Mariengemeinde, An der Marienkirche 1, Frankfurt Seckbach, <\/strong><\/p>\n<p>Um 19:30 Uhr findet die Preisverleihung im Wettbewerb \u201eNaturgartenpreis 2021\u201c des BUND Ortsverbandes Frankfurt Ost statt. In einer kurzen Pr\u00e4sentation werden die Projekte der Preistr\u00e4ger vorgestellt und die Preise verliehen.<\/p>\n<p>Im Anschluss daran folgt auf Einladung der Naturschutzgruppe Seckbach der Vortrag <strong>\u201e<\/strong><strong>Naturgarten \u2013 einfach gemacht. Ich mache einfach.\u201c <\/strong>mit dem Referenten Thomas Weimar (Dipl.-Physiker, Naturgartentester).<\/p>\n<p>Ein Naturgarten ist eine Oase des Lebens fu\u0308r die einheimische Natur und den Menschen. Die Gestaltung vieler kleiner und unterschiedlicher Lebensra\u0308ume fu\u0308hrt zu Vielfalt, Fu\u0308lle, Nutzen und Scho\u0308nheit. <strong>Hortus Aphrodite<\/strong> ist der 3-Zonen-Naturgarten und zeigt eine Mo\u0308glichkeit, Lebensinseln fu\u0308r eine vielfa\u0308ltige heimische Tier- und Pflanzenwelt zu schaffen. Sie erfahren, wie ein Naturgarten Schritt fu\u0308r Schritt entstehen kann. Im Anschluss an den Vortrag ist Raum fu\u0308r Gespra\u0308che u\u0308ber \u201egru\u0308ne Daumen\u201c und naturnahes Ga\u0308rtnern. Hortus Aphrodite hat als Teil des Hortus-Netzwerks die Auszeichnung der UN Dekade Biologische Vielfalt erhalten.<\/p>\n<p>Bitte beachten, dass es sich um eine Veranstaltung nach den <strong>2G-Regeln<\/strong> handelt. Zugang haben Geimpfte und Genesene. Wir bitten darum, dass die entsprechenden Ausweise vorgelegt werden k\u00f6nnen. Eine Anmelde- und Kontaktdatenerfassung entfallen ebenso wie die Maskenpflicht.<\/p>\n<p>\u00a0<\/p>\n<p><a href=\"https:\/\/gruene-lunge-am-guenthersburgpark.de\/wp-content\/uploads\/2021\/11\/Naturg\u00e4rten.jpg\"><img loading=\"lazy\" decoding=\"async\" class=\"alignnone wp-image-2376 size-full\" src=\"https:\/\/gruene-lunge-am-guenthersburgpark.de\/wp-content\/uploads\/2021\/11\/Naturg\u00e4rten.jpg\" alt=\"\" width=\"569\" height=\"815\" srcset=\"https:\/\/gruene-lunge-am-guenthersburgpark.de\/wp-content\/uploads\/2021\/11\/Naturg\u00e4rten.jpg 569w, https:\/\/gruene-lunge-am-guenthersburgpark.de\/wp-content\/uploads\/2021\/11\/Naturg\u00e4rten-209x300.jpg 209w\" sizes=\"auto, (max-width: 569px) 100vw, 569px\" \/><\/a><\/p>\n<p>\u00a0<\/p>\n<p>======================================================<\/p>\n<p>B\u00dcRGERBEGEHREN<\/p>\n<p>In den vergangenen Jahren wurden in der Stadt Frankfurt immer mehr Gr\u00fcnfl\u00e4chen zugebaut und der Boden versiegelt. Die Frisch- und Kaltluftzufuhr wird dadurch eingeschr\u00e4nkt. Diese Frisch- und Kaltluftzufuhr ist wichtig um die Temperaturerh\u00f6hung durch den Klimawandel aufzuhalten und den Stickoxid- und Feinstaubsmog in Frankfurt zu mindern. Die Bebauung von Gr\u00fcnfl\u00e4chen, die Verdichtung Frankfurts in der Fl\u00e4che, insbesondere in der City und den innenstadtnahen Wohngebieten, sollte nur im Ausnahmefall nach einer sorgf\u00e4ltigen Pr\u00fcfung und der Beteiligung der B\u00fcrger Frankfurts erfolgen.<\/p>\n<p>Eine Unterschrift ist nur mit echter Unterschrift und nicht beispielsweise als Mailanhang g\u00fcltig.\u00a0 Die Stadt \u00fcberpr\u00fcft, ob die Namen im Meldeverzeichnis stehen.<\/p>\n<p><strong>Unterschriftenliste f\u00fcr das B\u00fcrgerbegehren: Erhalt der Gr\u00fcnfl\u00e4chen in Frankfurt<\/strong><\/p>\n<iframe src=\"\/\/docs.google.com\/viewer?url=https%3A%2F%2Fgruene-lunge-am-guenthersburgpark.de%2Fwp-content%2Fuploads%2F2016%2F03%2Fbuergerbegehrenffm.pdf&hl=de&embedded=true\" class=\"gde-frame\" style=\"width:100%; height:500px; border: none;\" scrolling=\"no\"><\/iframe>\n<p class=\"gde-text\"><a href=\"https:\/\/gruene-lunge-am-guenthersburgpark.de\/wp-content\/uploads\/2016\/03\/buergerbegehrenffm.pdf\" class=\"gde-link\">Download (PDF, 69KB)<\/a><\/p>\n<p><strong>====================================================<\/strong><span class=\"Apple-style-span\">==========<\/span><\/p>\n<p><strong>Mit-Streiter\u00a0 f\u00fcr den Erhalt von wichtigen Gr\u00fcnfl\u00e4chen &#8211; woanders<\/strong><\/p>\n<p>Die <strong>B\u00fcrgerinitiative unser Heimatboden vor Frankfurt<\/strong> k\u00e4mpft gegen den geplanten neuen Stadtteil an der A5: Feld statt Beton \u2013 zum Schutz von Naherholung, Lebensqualit\u00e4t und regionaler Nahrungsversorgung.<a href=\"https:\/\/gruene-lunge-am-guenthersburgpark.de\/wp-content\/uploads\/2018\/11\/Heimatboden.jpg\"><img loading=\"lazy\" decoding=\"async\" class=\"wp-image-1181 alignleft\" src=\"https:\/\/gruene-lunge-am-guenthersburgpark.de\/wp-content\/uploads\/2018\/11\/Heimatboden-300x211.jpg\" alt=\"\" width=\"154\" height=\"108\" srcset=\"https:\/\/gruene-lunge-am-guenthersburgpark.de\/wp-content\/uploads\/2018\/11\/Heimatboden-300x211.jpg 300w, https:\/\/gruene-lunge-am-guenthersburgpark.de\/wp-content\/uploads\/2018\/11\/Heimatboden.jpg 399w\" sizes=\"auto, (max-width: 154px) 100vw, 154px\" \/><\/a><\/p>\n<p>Alle Infos zur BI unter <a href=\"https:\/\/www.heimatboden-frankfurt.de\/\" target=\"_blank\" rel=\"noopener\">diesem Link<\/a>.<\/p>\n<p><span class=\"Apple-style-span\">\u00a0<\/span><\/p>\n<p>================================================================<\/p>\n<p>Die <strong>B\u00fcrgerinitiative Verkehrsberuhigung Wilhelmsh\u00f6her str.\u00a0<\/strong> setzt sich f\u00fcr ein lebenswertes Seckbach durch eine <a href=\"https:\/\/verkehrsberuhigungwilhelmshoeher.de\/\">Verkehrsberuhigung der Wilhelmsh\u00f6her Str<\/a>. ein.<\/p>\n<p>\u00a0<\/p>\n<p>================================================================<br \/>Der Kleing\u00e4rtnerverein Cronberger k\u00e4mpft zusammen mit der BI f\u00fcr\u00a0 den Erhalt der wertvollen Gr\u00fcnfl\u00e4chen und gegen die Zubetonierung durch das Neubaugebiet Innovationsquartier:<br \/><img decoding=\"async\" src=\"https:\/\/gruene-lunge-am-guenthersburgpark.de\/wp-content\/uploads\/2019\/02\/Cronberger-Logo.jpg\" alt=\"Dieses Bild hat ein leeres Alt-Attribut. Der Dateiname ist Cronberger-Logo.jpg\" \/><br \/>https:\/\/kleingaertner-cronberger.de\/<br \/>================================================================<br \/>Schutzgemeinschaft Vogelsberg (hessenweit aktiv, um umweltschonende Grundwasserversorgung durchzusetzen)<br \/><img decoding=\"async\" src=\"https:\/\/gruene-lunge-am-guenthersburgpark.de\/wp-content\/uploads\/2019\/02\/sgv-logo.jpg\" alt=\"Dieses Bild hat ein leeres Alt-Attribut. Der Dateiname ist sgv-logo.jpg\" \/><br \/><a href=\"http:\/\/www.sgv-ev.de\/\" target=\"_blank\" rel=\"noopener noreferrer\">Schutzgemeinschaft Vogelsberg<\/a><\/p>\n<p>================================================================<br \/>K\u00f6lner Gr\u00fcne Lunge<br \/><span class=\"Apple-style-span\"><a href=\"http:\/\/www.gruene-lunge-koeln.de\/\" target=\"_blank\" rel=\"noopener noreferrer\">www.gruene-lunge-koeln.de<\/a><\/span><span class=\"Apple-style-span\"><br \/><a href=\"http:\/\/www.gruensystem.koeln\/\" target=\"_blank\" rel=\"noopener noreferrer\">www.gruensystem.koeln<\/a><\/span><\/p>\n<p>=================================================================<br \/>Das &#8220;Aktionsb\u00fcndnis Bodenschutz in der Wetterau&#8221; klagt mit Unterst\u00fctzung des BUND gegen den Bescheid des RP Darmstadt, der der Gemeinde entgegen den bisherigen Festlegungen der Regionalplanung den Bau von 30 ha Logistikfl\u00e4chen auf bisherigem Ackerland erlaubt. In Frankfurt wird das Ackerland f\u00fcr Wohnungen aufgegeben, denn es ist nicht wichtig, weil uns die Wetterau ja versorgen kann, aber in der Wetterau wird das Ackerland aufgegeben, damit Frankfurt mit allem m\u00f6glichen versorgt werden kann, und Arbeitspl\u00e4tze entstehen. Der entstehende Verkehr spielt keine Rolle.<br \/><a href=\"http:\/\/dekanat-wetterau.ekhn.de\/einzelansicht\/news\/bund-will-mit-klage-flaechenfrass-in-berstadt-stoppen.html\" target=\"_blank\" rel=\"noopener\">Link<\/a><br \/>================================================================<\/p>\n<p>BI Erlenbruch bittet die Petition gegen das sinnlose Abholzen von 48 Kastanien am Erlenbruch zu unterzeichnen:<br \/><a href=\"https:\/\/www.change.org\/p\/dringend-kein-voreiliges-abholzen-unserer-48-kastanien-solange-nicht-gebaut-werden-darf\" target=\"_blank\" rel=\"noopener\">Link zur Petition<\/a><\/p>\n<p><strong>\/\/\/\/\/\/\/\/\/\/\/\/\/\/\/\/\/\/\/\/\/\/\/\/\/\/\/\/\/\/\/\/\/\/\/\/\/\/\/\/\/\/\/\/\/\/\/\/\/\/\/\/\/\/\/\/\/\/\/\/\/\/\/\/\/\/\/\/\/\/\/\/\/\/\/\/\/\/\/\/\/\/\/\/\/\/\/\/\/\/\/\/\/\/\/\/\/\/<\/strong><\/p>\n<p><strong>Links zur Stadt Frankfurt und anderen Quellen<\/strong><\/p>\n<p><a href=\"http:\/\/stadtplanungsamt-frankfurt.de\/ernst_may_viertel_14903.html?\" target=\"_blank\" rel=\"noopener noreferrer\">Seite der Stadt Frankfurt zum Planungsstand des Ernst-May Viertels<\/a><\/p>\n<p><a href=\"http:\/\/www.frankfurt.de\/\" target=\"_blank\" rel=\"noopener noreferrer\">Stadt Frankfurt<\/a><\/p>\n<p><a href=\"http:\/\/www.stadtplanungsamt-frankfurt.de\/stadtraeumliche_verflechtung_bornheim_seckbach_11974.html?psid=uk1pomsijovhvkqmc95vag5o67\" target=\"_blank\" rel=\"noopener noreferrer\">St\u00e4dtebauliche Verflechtung<\/a><\/p>\n<p><a href=\"http:\/\/www.stadtplanungsamt-frankfurt.de\/show.php?ID=8993&amp;psid=uk1pomsijovhvkqmc95vag5o67\" target=\"_blank\" rel=\"noopener noreferrer\">PDF Speer und Partner<\/a><\/p>\n<p><a href=\"http:\/\/www.stadtplanungsamt-frankfurt.de\/favorisierter_entwurf_11975.html?psid=uk1pomsijovhvkqmc95vag5o67\" target=\"_blank\" rel=\"noopener noreferrer\">Stadt Frankfurt Pesch und Partner &#8220;Favorisierter Entwurf&#8221;<\/a> <a href=\"http:\/\/www.stadtplanungsamt-frankfurt.de\/show.php?ID=11982&amp;psid=uk1pomsijovhvkqmc95vag5o67\" target=\"_blank\" rel=\"noopener noreferrer\">PDF<\/a><\/p>\n<p><a href=\"http:\/\/www.frankfurt.de\/sixcms\/detail.php?id=2851&amp;_ffmpar[_id_inhalt]=5786529\" target=\"_blank\" rel=\"noopener noreferrer\">Stadt Frankfurt Klimaplanatlas<\/a> <a href=\"http:\/\/www.frankfurt.de\/sixcms\/media.php\/738\/klimaplanatlas_ffm_2010nbf.pdf\" target=\"_blank\" rel=\"noopener noreferrer\">PDF<\/a><\/p>\n<p><a href=\"http:\/\/stadtplan.frankfurt.de\/frankfurt\/html\/de\/start\/luftbilder.html\" target=\"_blank\" rel=\"noopener noreferrer\">Stadt Frankfurt Luftbilder<\/a><\/p>\n<p><a href=\"http:\/\/www.gruene-frankfurt.de\/fileadmin\/fraktion\/fraktionszeitung\/GRUENES_FRANKFURT_4_2015.pdf\" target=\"_blank\" rel=\"noopener noreferrer\">Gr\u00fcnes Frankfurt<\/a> (Zeitung der Gr\u00fcnen im R\u00f6mer, Ausgabe Nov. 2015, Ernst May Viertel auf Seite sieben.)<\/p>\n<p>Unterlagen der BI zum Download:<\/p>\n<p><a href=\"https:\/\/gruene-lunge-am-guenthersburgpark.de\/wp-content\/uploads\/2016\/01\/BIEGL-Unterschriftenliste.pdf\">Formular Unterschriftenliste<\/a><\/p>\n\n\n<h2 class=\"wp-block-heading\">Aktionsb\u00fcndnis Unmenschliche Autobahn :<\/h2>\n\n\n\n<p>10.4.2021,Ausbau A661 zur weiteren Zerst\u00f6rung Frankfurts Nordosten.<br>Jetzt geht es um die Wurst, Friedhelm Ardelt- Theeck ( 06109-36751) schreibt:<br><strong>Hallo Leute,<\/strong><br><strong>hier  f\u00fcr alle unser allgemeines Einwendungsschreiben<\/strong> (&#8220;gleichf\u00f6rmiges Schreiben&#8221;): <a rel=\"noreferrer noopener\" aria-label=\" (\u00f6ffnet in neuem Tab)\" href=\"https:\/\/gruene-lunge-am-guenthersburgpark.de\/wp-content\/uploads\/2021\/04\/210325_aua_einwendung_A661_vorlage.pdf\" target=\"_blank\">Click<\/a><br>Dieses kann jeder f\u00fcr sich&nbsp;nutzen, &#8220;einfach&#8221;&nbsp;Adresse ein\u00adtragen, unterschreiben <strong>und ganz wichtig:<\/strong><br><strong>unbedingt mit einem Hinweis&nbsp;auf die pers\u00f6nliche Betroffenheit<\/strong>, wie eigene Gesundheit, Krankheit, Kinder, Wohnung, Wohnqualit\u00e4t, -wert, Garten, Nutzung des Gr\u00fcngebiets etc. <strong>erg\u00e4nzen.  Dann bis 15. April zum RP Darmstadt senden. Falls Termin verpasst, auf  alle F\u00e4lle trotzdem abschicken. Frist nur f\u00fcr potentielle Kl\u00e4ger  entscheidend!<\/strong><br><strong>Nur dann<\/strong> bekommt Ihr die <strong>Erwiderung und<\/strong> die <strong>Einladung zu dem Er\u00f6rterungstermin pers\u00f6nlich zugestellt<\/strong>. <br><strong>Ansonsten weitere Infos unter <a href=\"https:\/\/molochautobahn.de\/news.php\">https:\/\/molochautobahn.de\/news.php<\/a><\/strong><br>Wir suchen noch Betroffene, die direkt an der Autobahn wohnen und als potentielle Kl\u00e4gerInnen (u.a. Grenzwert\u00fcberschreitungen!) in Frage kommen!  Bitte Nachbarn, Freunde, Verwandte informieren und auffordern das gleich zu tun. <\/p>\n\n\n\n<p><br><br><strong> Aktionsb\u00fcndnis Unmenschliche Autobahn: <a rel=\"noreferrer noopener\" aria-label=\"Click (\u00f6ffnet in neuem Tab)\" href=\"http:\/\/molochautobahn.de\" target=\"_blank\">Click<\/a><br> <br>Online Petition &#8216;Sch\u00fctzt das Nordend und den Frankfurter Osten: <\/strong><a rel=\"noreferrer noopener\" aria-label=\"Click (\u00f6ffnet in neuem Tab)\" href=\"https:\/\/www.openpetition.de\/petition\/online\/schuetzt-das-nordend-und-den-frankfurter-osten-kein-autobahnbau-mehr\" target=\"_blank\"><strong>Click<\/strong><\/a><br><br><\/p>\n\n\n\n<h2 class=\"wp-block-heading\">===============================<\/h2>\n\n\n\n<h2 class=\"wp-block-heading\">Die B\u00fcrgerinitiative Gr\u00fcneburgpark <\/h2>\n\n\n\n<p>k\u00e4mpft gegen die Untertunnelung des Gr\u00fcneburgparks durch den Ausbau der U4: <a rel=\"noreferrer noopener\" aria-label=\"Click (\u00f6ffnet in neuem Tab)\" href=\"https:\/\/grueneburgparkinitiativen.wordpress.com\/2021\/01\/18\/nur-rund-700-baeume-sollen-vor-geplantem-tunnelbau-fuer-u4-im-gartenreich-untersucht-werden\/\" target=\"_blank\">Click<\/a><\/p>\n\n\n\n<h2 class=\"wp-block-heading\">================================<\/h2>\n\n\n\n<p><\/p>\n\n\n\n\n\n<p><\/p>\n","protected":false},"excerpt":{"rendered":"<p>BUND Frankfurt http:\/\/www.bund-frankfurt.de Einladung zu dem Vortrag \u201eNaturgarten \u2013 einfach gemacht. Ich mache einfach.\u201c der Naturschutzgruppe Seckbach und zur Preisverleihung im Wettbewerb \u201eNaturgartenpreis\u201c 2021 des Ortsverband Ost des BUND Frankfurt Die Naturschutzgruppe-Seckbach und der BUND Frankfurt laden zu einer gemeinsamen Veranstaltung zum Thema \u201eNaturg\u00e4rten\u201c ein. Freitag, 26. November 2021, um 19:30 Uhr, Gemeindesaal der Mariengemeinde, [&hellip;]<\/p>\n","protected":false},"author":1,"featured_media":0,"parent":0,"menu_order":0,"comment_status":"closed","ping_status":"open","template":"","meta":{"footnotes":""},"class_list":["post-49","page","type-page","status-publish","hentry"],"_links":{"self":[{"href":"https:\/\/gruene-lunge-am-guenthersburgpark.de\/index.php?rest_route=\/wp\/v2\/pages\/49","targetHints":{"allow":["GET"]}}],"collection":[{"href":"https:\/\/gruene-lunge-am-guenthersburgpark.de\/index.php?rest_route=\/wp\/v2\/pages"}],"about":[{"href":"https:\/\/gruene-lunge-am-guenthersburgpark.de\/index.php?rest_route=\/wp\/v2\/types\/page"}],"author":[{"embeddable":true,"href":"https:\/\/gruene-lunge-am-guenthersburgpark.de\/index.php?rest_route=\/wp\/v2\/users\/1"}],"replies":[{"embeddable":true,"href":"https:\/\/gruene-lunge-am-guenthersburgpark.de\/index.php?rest_route=%2Fwp%2Fv2%2Fcomments&post=49"}],"version-history":[{"count":65,"href":"https:\/\/gruene-lunge-am-guenthersburgpark.de\/index.php?rest_route=\/wp\/v2\/pages\/49\/revisions"}],"predecessor-version":[{"id":2377,"href":"https:\/\/gruene-lunge-am-guenthersburgpark.de\/index.php?rest_route=\/wp\/v2\/pages\/49\/revisions\/2377"}],"wp:attachment":[{"href":"https:\/\/gruene-lunge-am-guenthersburgpark.de\/index.php?rest_route=%2Fwp%2Fv2%2Fmedia&parent=49"}],"curies":[{"name":"wp","href":"https:\/\/api.w.org\/{rel}","templated":true}]}}