{"id":486,"date":"2016-12-06T17:00:59","date_gmt":"2016-12-06T15:00:59","guid":{"rendered":"http:\/\/gruene-lunge-am-guenthersburgpark.de\/?page_id=486"},"modified":"2017-01-28T13:11:28","modified_gmt":"2017-01-28T11:11:28","slug":"gruene-lunge-notwendige-frischluftschneise","status":"publish","type":"page","link":"https:\/\/gruene-lunge-am-guenthersburgpark.de\/?page_id=486","title":{"rendered":"Klima"},"content":{"rendered":"<p>Durch ihre Lage im Becken zwischen den Mittelgebirgen Taunus, Odenwald, Spessert und Vogelsberg geh\u00f6rt Frankfurt zu den wind\u00e4rmsten Regionen Deutschlands. Die Bel\u00fcftung der Stadt erfolgt haupts\u00e4chlich \u00fcber 2 Systeme:<br \/>\n&#8211; bodennahe Luftstr\u00f6mungen entlang des Maines, sowie vom Taunus herab entlang der Nidda<br \/>\n&#8211; das zweitwichtigste System ist die nord\u00f6stliche Frischluftschneise mit den  vor allem in der Nacht auftretenden Wetterauwinden<br \/>\nDie Nordostschneise ist  die einzige, die die \u00fcberw\u00e4rmte Stadt von Norden her mit k\u00fchlerer Luft versorgen kann.<br \/>\nDas erkl\u00e4rt gleichzeitig die Wichtigkeit die &#8220;Gr\u00fcne Lunge&#8221; als Bestandteil der klimatisch bedeutsamen Nordostspeiche f\u00fcr die Zukunft zu erhalten.<\/p>\n<p>Klimaplanatlas der Stadt Frankfurt (reinklicken zum Vergr\u00f6\u00dfern)<br \/>\n<a href=\"https:\/\/gruene-lunge-am-guenthersburgpark.de\/wp-content\/uploads\/2016\/12\/infografik-karte-klimaplan.jpg\"><img loading=\"lazy\" decoding=\"async\" src=\"https:\/\/gruene-lunge-am-guenthersburgpark.de\/wp-content\/uploads\/2016\/12\/infografik-karte-klimaplan-300x249.jpg\" alt=\"infografik-karte-klimaplan\" width=\"600\" height=\"498\" class=\"alignnone size-medium wp-image-487\" srcset=\"https:\/\/gruene-lunge-am-guenthersburgpark.de\/wp-content\/uploads\/2016\/12\/infografik-karte-klimaplan-300x249.jpg 300w, https:\/\/gruene-lunge-am-guenthersburgpark.de\/wp-content\/uploads\/2016\/12\/infografik-karte-klimaplan-768x638.jpg 768w, https:\/\/gruene-lunge-am-guenthersburgpark.de\/wp-content\/uploads\/2016\/12\/infografik-karte-klimaplan-600x499.jpg 600w, https:\/\/gruene-lunge-am-guenthersburgpark.de\/wp-content\/uploads\/2016\/12\/infografik-karte-klimaplan-624x518.jpg 624w, https:\/\/gruene-lunge-am-guenthersburgpark.de\/wp-content\/uploads\/2016\/12\/infografik-karte-klimaplan.jpg 940w\" sizes=\"auto, (max-width: 600px) 100vw, 600px\" \/><\/a><br \/>\n(Quelle Stadt Frankfurt)<\/p>\n<p>Das Speichen und Strahlen Konzept der Stadt Frankfurt (reinklicken zum Vergr\u00f6\u00dfern)<br \/>\n<a href=\"https:\/\/gruene-lunge-am-guenthersburgpark.de\/wp-content\/uploads\/2016\/12\/Speichen_und-Strahlen.jpg\"><img loading=\"lazy\" decoding=\"async\" src=\"https:\/\/gruene-lunge-am-guenthersburgpark.de\/wp-content\/uploads\/2016\/12\/Speichen_und-Strahlen-300x300.jpg\" alt=\"speichen_und-strahlen\" width=\"300\" height=\"300\" class=\"alignnone size-medium wp-image-493\" srcset=\"https:\/\/gruene-lunge-am-guenthersburgpark.de\/wp-content\/uploads\/2016\/12\/Speichen_und-Strahlen-300x300.jpg 300w, https:\/\/gruene-lunge-am-guenthersburgpark.de\/wp-content\/uploads\/2016\/12\/Speichen_und-Strahlen-150x150.jpg 150w, https:\/\/gruene-lunge-am-guenthersburgpark.de\/wp-content\/uploads\/2016\/12\/Speichen_und-Strahlen-600x597.jpg 600w, https:\/\/gruene-lunge-am-guenthersburgpark.de\/wp-content\/uploads\/2016\/12\/Speichen_und-Strahlen-624x621.jpg 624w, https:\/\/gruene-lunge-am-guenthersburgpark.de\/wp-content\/uploads\/2016\/12\/Speichen_und-Strahlen.jpg 815w\" sizes=\"auto, (max-width: 300px) 100vw, 300px\" \/><\/a><br \/>\n(Quelle Stadt Frankfurt)<\/p>\n<p>Aus der Brosch\u00fcre der Stadt Frankfurt: &#8230;&#8221;Das Stadtklima h\u00e4ngt stark vom Verh\u00e4ltnis zwischen Geb\u00e4uden, versiegelten Fl\u00e4chen und Gr\u00fcnr\u00e4umen ab. Bereits heute gibt es in Frankfurt das typische Stadtklimaph\u00e4nomen mit h\u00f6heren Temperaturen und weniger Wind als im Umland. Bis zum Jahr 2050 k\u00f6nnen laut Projektionen des Deutschen Wetterdienstes die Sommertage (\u00fcber 25 Grad celsius) von durchschnittlich 44 auf bis zu 75 tage zunehmen&#8230;In den Speichen werden die vorhandenen Gr\u00fcnr\u00e4ume vernetzt und das Einstr\u00f6men von frischer und k\u00fchler Luft in die Innenstadt verbessert. Besonders wichtig ist die Klimafunktion daher in der Speiche die vom Nordosten bis zum Anlagenring verl\u00e4uft (Bergen,Seckbach, Bornheim,Nordend)&#8221;<br \/>\nhttps:\/\/www.frankfurt.de\/sixcms\/media.php\/738\/speichenundstrahlen_nbf.pdf<\/p>\n<p><a href=\"https:\/\/gruene-lunge-am-guenthersburgpark.de\/wp-content\/uploads\/2016\/12\/Frischluft-Bornheim.jpg\"><img loading=\"lazy\" decoding=\"async\" src=\"https:\/\/gruene-lunge-am-guenthersburgpark.de\/wp-content\/uploads\/2016\/12\/Frischluft-Bornheim-300x254.jpg\" alt=\"frischluft-bornheim\" width=\"300\" height=\"254\" class=\"alignnone size-medium wp-image-502\" srcset=\"https:\/\/gruene-lunge-am-guenthersburgpark.de\/wp-content\/uploads\/2016\/12\/Frischluft-Bornheim-300x254.jpg 300w, https:\/\/gruene-lunge-am-guenthersburgpark.de\/wp-content\/uploads\/2016\/12\/Frischluft-Bornheim-600x508.jpg 600w, https:\/\/gruene-lunge-am-guenthersburgpark.de\/wp-content\/uploads\/2016\/12\/Frischluft-Bornheim-624x528.jpg 624w, https:\/\/gruene-lunge-am-guenthersburgpark.de\/wp-content\/uploads\/2016\/12\/Frischluft-Bornheim.jpg 696w\" sizes=\"auto, (max-width: 300px) 100vw, 300px\" \/><\/a><br \/>\n(Quelle Stadt Frankfurt)<\/p>\n<p>F\u00fcr die Kaltluftzufuhr unbedingt &#8216;Freizuhaltende Fl\u00e4chen&#8217;  &#8211; sie wurden im Norden von Frankfurt schon durch den Bau der A661 beeintr\u00e4chtigt:<br \/>\n<a href=\"https:\/\/gruene-lunge-am-guenthersburgpark.de\/wp-content\/uploads\/2016\/12\/frischluft_3.jpg\"><img loading=\"lazy\" decoding=\"async\" src=\"https:\/\/gruene-lunge-am-guenthersburgpark.de\/wp-content\/uploads\/2016\/12\/frischluft_3-300x206.jpg\" alt=\"frischluft_3\" width=\"600\" height=\"412\" class=\"alignnone size-medium wp-image-509\" srcset=\"https:\/\/gruene-lunge-am-guenthersburgpark.de\/wp-content\/uploads\/2016\/12\/frischluft_3-300x206.jpg 300w, https:\/\/gruene-lunge-am-guenthersburgpark.de\/wp-content\/uploads\/2016\/12\/frischluft_3-768x526.jpg 768w, https:\/\/gruene-lunge-am-guenthersburgpark.de\/wp-content\/uploads\/2016\/12\/frischluft_3-1024x702.jpg 1024w, https:\/\/gruene-lunge-am-guenthersburgpark.de\/wp-content\/uploads\/2016\/12\/frischluft_3-600x411.jpg 600w, https:\/\/gruene-lunge-am-guenthersburgpark.de\/wp-content\/uploads\/2016\/12\/frischluft_3-624x428.jpg 624w, https:\/\/gruene-lunge-am-guenthersburgpark.de\/wp-content\/uploads\/2016\/12\/frischluft_3.jpg 1211w\" sizes=\"auto, (max-width: 600px) 100vw, 600px\" \/><\/a><br \/>\n(Quelle: Stadt Frankfurt)<\/p>\n<p>Vom Satelliten sieht das so aus:<br \/>\n<a href=\"https:\/\/gruene-lunge-am-guenthersburgpark.de\/wp-content\/uploads\/2016\/12\/iss.jpg\"><img loading=\"lazy\" decoding=\"async\" src=\"https:\/\/gruene-lunge-am-guenthersburgpark.de\/wp-content\/uploads\/2016\/12\/iss-300x128.jpg\" alt=\"iss\" width=\"600\" height=\"256\" class=\"alignnone size-medium wp-image-514\" srcset=\"https:\/\/gruene-lunge-am-guenthersburgpark.de\/wp-content\/uploads\/2016\/12\/iss-300x128.jpg 300w, https:\/\/gruene-lunge-am-guenthersburgpark.de\/wp-content\/uploads\/2016\/12\/iss.jpg 598w\" sizes=\"auto, (max-width: 600px) 100vw, 600px\" \/><\/a><\/p>\n","protected":false},"excerpt":{"rendered":"<p>Durch ihre Lage im Becken zwischen den Mittelgebirgen Taunus, Odenwald, Spessert und Vogelsberg geh\u00f6rt Frankfurt zu den wind\u00e4rmsten Regionen Deutschlands. Die Bel\u00fcftung der Stadt erfolgt haupts\u00e4chlich \u00fcber 2 Systeme: &#8211; bodennahe Luftstr\u00f6mungen entlang des Maines, sowie vom Taunus herab entlang der Nidda &#8211; das zweitwichtigste System ist die nord\u00f6stliche Frischluftschneise mit den vor allem in [&hellip;]<\/p>\n","protected":false},"author":4,"featured_media":0,"parent":0,"menu_order":0,"comment_status":"closed","ping_status":"closed","template":"","meta":{"footnotes":""},"class_list":["post-486","page","type-page","status-publish","hentry"],"_links":{"self":[{"href":"https:\/\/gruene-lunge-am-guenthersburgpark.de\/index.php?rest_route=\/wp\/v2\/pages\/486","targetHints":{"allow":["GET"]}}],"collection":[{"href":"https:\/\/gruene-lunge-am-guenthersburgpark.de\/index.php?rest_route=\/wp\/v2\/pages"}],"about":[{"href":"https:\/\/gruene-lunge-am-guenthersburgpark.de\/index.php?rest_route=\/wp\/v2\/types\/page"}],"author":[{"embeddable":true,"href":"https:\/\/gruene-lunge-am-guenthersburgpark.de\/index.php?rest_route=\/wp\/v2\/users\/4"}],"replies":[{"embeddable":true,"href":"https:\/\/gruene-lunge-am-guenthersburgpark.de\/index.php?rest_route=%2Fwp%2Fv2%2Fcomments&post=486"}],"version-history":[{"count":19,"href":"https:\/\/gruene-lunge-am-guenthersburgpark.de\/index.php?rest_route=\/wp\/v2\/pages\/486\/revisions"}],"predecessor-version":[{"id":569,"href":"https:\/\/gruene-lunge-am-guenthersburgpark.de\/index.php?rest_route=\/wp\/v2\/pages\/486\/revisions\/569"}],"wp:attachment":[{"href":"https:\/\/gruene-lunge-am-guenthersburgpark.de\/index.php?rest_route=%2Fwp%2Fv2%2Fmedia&parent=486"}],"curies":[{"name":"wp","href":"https:\/\/api.w.org\/{rel}","templated":true}]}}

<p>Durch ihre Lage im Becken zwischen den Mittelgebirgen Taunus, Odenwald, Spessert und Vogelsberg gehört Frankfurt zu den windärmsten Regionen Deutschlands. Die Belüftung der Stadt erfolgt hauptsächlich über 2 Systeme:<br />
&#8211; bodennahe Luftströmungen entlang des Maines, sowie vom Taunus herab entlang der Nidda<br />
&#8211; das zweitwichtigste System ist die nordöstliche Frischluftschneise mit den  vor allem in der Nacht auftretenden Wetterauwinden<br />
Die Nordostschneise ist  die einzige, die die überwärmte Stadt von Norden her mit kühlerer Luft versorgen kann.<br />
Das erklärt gleichzeitig die Wichtigkeit die &#8220;Grüne Lunge&#8221; als Bestandteil der klimatisch bedeutsamen Nordostspeiche für die Zukunft zu erhalten.</p>
<p>Klimaplanatlas der Stadt Frankfurt (reinklicken zum Vergrößern)<br />
<a href="https://gruene-lunge-am-guenthersburgpark.de/wp-content/uploads/2016/12/infografik-karte-klimaplan.jpg"><img loading="lazy" decoding="async" src="https://gruene-lunge-am-guenthersburgpark.de/wp-content/uploads/2016/12/infografik-karte-klimaplan-300x249.jpg" alt="infografik-karte-klimaplan" width="600" height="498" class="alignnone size-medium wp-image-487" srcset="https://gruene-lunge-am-guenthersburgpark.de/wp-content/uploads/2016/12/infografik-karte-klimaplan-300x249.jpg 300w, https://gruene-lunge-am-guenthersburgpark.de/wp-content/uploads/2016/12/infografik-karte-klimaplan-768x638.jpg 768w, https://gruene-lunge-am-guenthersburgpark.de/wp-content/uploads/2016/12/infografik-karte-klimaplan-600x499.jpg 600w, https://gruene-lunge-am-guenthersburgpark.de/wp-content/uploads/2016/12/infografik-karte-klimaplan-624x518.jpg 624w, https://gruene-lunge-am-guenthersburgpark.de/wp-content/uploads/2016/12/infografik-karte-klimaplan.jpg 940w" sizes="auto, (max-width: 600px) 100vw, 600px" /></a><br />
(Quelle Stadt Frankfurt)</p>
<p>Das Speichen und Strahlen Konzept der Stadt Frankfurt (reinklicken zum Vergrößern)<br />
<a href="https://gruene-lunge-am-guenthersburgpark.de/wp-content/uploads/2016/12/Speichen_und-Strahlen.jpg"><img loading="lazy" decoding="async" src="https://gruene-lunge-am-guenthersburgpark.de/wp-content/uploads/2016/12/Speichen_und-Strahlen-300x300.jpg" alt="speichen_und-strahlen" width="300" height="300" class="alignnone size-medium wp-image-493" srcset="https://gruene-lunge-am-guenthersburgpark.de/wp-content/uploads/2016/12/Speichen_und-Strahlen-300x300.jpg 300w, https://gruene-lunge-am-guenthersburgpark.de/wp-content/uploads/2016/12/Speichen_und-Strahlen-150x150.jpg 150w, https://gruene-lunge-am-guenthersburgpark.de/wp-content/uploads/2016/12/Speichen_und-Strahlen-600x597.jpg 600w, https://gruene-lunge-am-guenthersburgpark.de/wp-content/uploads/2016/12/Speichen_und-Strahlen-624x621.jpg 624w, https://gruene-lunge-am-guenthersburgpark.de/wp-content/uploads/2016/12/Speichen_und-Strahlen.jpg 815w" sizes="auto, (max-width: 300px) 100vw, 300px" /></a><br />
(Quelle Stadt Frankfurt)</p>
<p>Aus der Broschüre der Stadt Frankfurt: &#8230;&#8221;Das Stadtklima hängt stark vom Verhältnis zwischen Gebäuden, versiegelten Flächen und Grünräumen ab. Bereits heute gibt es in Frankfurt das typische Stadtklimaphänomen mit höheren Temperaturen und weniger Wind als im Umland. Bis zum Jahr 2050 können laut Projektionen des Deutschen Wetterdienstes die Sommertage (über 25 Grad celsius) von durchschnittlich 44 auf bis zu 75 tage zunehmen&#8230;In den Speichen werden die vorhandenen Grünräume vernetzt und das Einströmen von frischer und kühler Luft in die Innenstadt verbessert. Besonders wichtig ist die Klimafunktion daher in der Speiche die vom Nordosten bis zum Anlagenring verläuft (Bergen,Seckbach, Bornheim,Nordend)&#8221;<br />
https://www.frankfurt.de/sixcms/media.php/738/speichenundstrahlen_nbf.pdf</p>
<p><a href="https://gruene-lunge-am-guenthersburgpark.de/wp-content/uploads/2016/12/Frischluft-Bornheim.jpg"><img loading="lazy" decoding="async" src="https://gruene-lunge-am-guenthersburgpark.de/wp-content/uploads/2016/12/Frischluft-Bornheim-300x254.jpg" alt="frischluft-bornheim" width="300" height="254" class="alignnone size-medium wp-image-502" srcset="https://gruene-lunge-am-guenthersburgpark.de/wp-content/uploads/2016/12/Frischluft-Bornheim-300x254.jpg 300w, https://gruene-lunge-am-guenthersburgpark.de/wp-content/uploads/2016/12/Frischluft-Bornheim-600x508.jpg 600w, https://gruene-lunge-am-guenthersburgpark.de/wp-content/uploads/2016/12/Frischluft-Bornheim-624x528.jpg 624w, https://gruene-lunge-am-guenthersburgpark.de/wp-content/uploads/2016/12/Frischluft-Bornheim.jpg 696w" sizes="auto, (max-width: 300px) 100vw, 300px" /></a><br />
(Quelle Stadt Frankfurt)</p>
<p>Für die Kaltluftzufuhr unbedingt &#8216;Freizuhaltende Flächen&#8217;  &#8211; sie wurden im Norden von Frankfurt schon durch den Bau der A661 beeinträchtigt:<br />
<a href="https://gruene-lunge-am-guenthersburgpark.de/wp-content/uploads/2016/12/frischluft_3.jpg"><img loading="lazy" decoding="async" src="https://gruene-lunge-am-guenthersburgpark.de/wp-content/uploads/2016/12/frischluft_3-300x206.jpg" alt="frischluft_3" width="600" height="412" class="alignnone size-medium wp-image-509" srcset="https://gruene-lunge-am-guenthersburgpark.de/wp-content/uploads/2016/12/frischluft_3-300x206.jpg 300w, https://gruene-lunge-am-guenthersburgpark.de/wp-content/uploads/2016/12/frischluft_3-768x526.jpg 768w, https://gruene-lunge-am-guenthersburgpark.de/wp-content/uploads/2016/12/frischluft_3-1024x702.jpg 1024w, https://gruene-lunge-am-guenthersburgpark.de/wp-content/uploads/2016/12/frischluft_3-600x411.jpg 600w, https://gruene-lunge-am-guenthersburgpark.de/wp-content/uploads/2016/12/frischluft_3-624x428.jpg 624w, https://gruene-lunge-am-guenthersburgpark.de/wp-content/uploads/2016/12/frischluft_3.jpg 1211w" sizes="auto, (max-width: 600px) 100vw, 600px" /></a><br />
(Quelle: Stadt Frankfurt)</p>
<p>Vom Satelliten sieht das so aus:<br />
<a href="https://gruene-lunge-am-guenthersburgpark.de/wp-content/uploads/2016/12/iss.jpg"><img loading="lazy" decoding="async" src="https://gruene-lunge-am-guenthersburgpark.de/wp-content/uploads/2016/12/iss-300x128.jpg" alt="iss" width="600" height="256" class="alignnone size-medium wp-image-514" srcset="https://gruene-lunge-am-guenthersburgpark.de/wp-content/uploads/2016/12/iss-300x128.jpg 300w, https://gruene-lunge-am-guenthersburgpark.de/wp-content/uploads/2016/12/iss.jpg 598w" sizes="auto, (max-width: 600px) 100vw, 600px" /></a></p>

<p>Durch ihre Lage im Becken zwischen den Mittelgebirgen Taunus, Odenwald, Spessert und Vogelsberg gehört Frankfurt zu den windärmsten Regionen Deutschlands. Die Belüftung der Stadt erfolgt hauptsächlich über 2 Systeme: &#8211; bodennahe Luftströmungen entlang des Maines, sowie vom Taunus herab entlang der Nidda &#8211; das zweitwichtigste System ist die nordöstliche Frischluftschneise mit den vor allem in [&hellip;]</p>
